hest common factor of 284 and 932.
4
What is the highest common factor of 2685 and 312355?
895
What is the highest common factor of 43 and 14776649?
43
What is the greatest common factor of 610200 and 27?
27
What is the highest common factor of 2880 and 5000?
40
What is the highest common factor of 93208 and 8296?
488
Calculate the highest common factor of 1711 and 3186.
59
What is the greatest common divisor of 93 and 8437239?
93
Calculate the greatest common factor of 52 and 50882.
26
What is the greatest common factor of 29 and 7402569?
29
What is the greatest common divisor of 450290 and 370?
370
Calculate the highest common divisor of 400 and 27712.
16
Calculate the highest common factor of 3888 and 16944.
48
What is the greatest common factor of 126384 and 48?
48
Calculate the greatest common divisor of 31929 and 87.
87
Calculate the highest common divisor of 84 and 2658754.
14
What is the greatest common divisor of 6665 and 837?
31
Calculate the highest common factor of 581 and 20169.
83
Calculate the highest common divisor of 130510 and 279.
31
Calculate the highest common divisor of 2303 and 337022.
49
What is the greatest common factor of 1200 and 359280?
240
What is the greatest common divisor of 54 and 390366?
54
Calculate the greatest common divisor of 1988 and 349036.
284
Calculate the greatest common factor of 80 and 251980.
20
What is the highest common divisor of 753477 and 6?
3
Calculate the highest common divisor of 6141 and 6408.
267
What is the highest common factor of 568080 and 75?
15
What is the highest common divisor of 8038485 and 755?
755
Calculate the highest common divisor of 3145805 and 130.
65
Calculate the greatest common factor of 60 and 452820.
60
What is the highest common divisor of 64935 and 1447810?
2405
What is the greatest common factor of 767242 and 154?
14
What is the greatest common factor of 11 and 32?
1
Calculate the greatest common divisor of 896 and 210.
14
Calculate the highest common divisor of 475 and 20007.
19
What is the greatest common factor of 190792 and 616?
56
What is the greatest common factor of 1591 and 10277?
43
What is the greatest common factor of 12320 and 90475?
385
Calculate the greatest common factor of 402 and 24.
6
What is the highest common divisor of 32427 and 108?
27
Calculate the greatest common divisor of 504 and 13788.
36
What is the highest common factor of 3390057 and 297?
99
What is the greatest common factor of 3161809 and 14?
7
Calculate the highest common factor of 13558 and 28.
2
What is the highest common factor of 5080 and 32888?
8
Calculate the highest common factor of 7696 and 2652.
52
What is the highest common factor of 35381 and 4?
1
Calculate the greatest common factor of 606 and 563782.
202
Calculate the greatest common factor of 104 and 4162.
2
What is the highest common factor of 5848 and 6528?
136
Calculate the highest common divisor of 105468 and 133892.
748
What is the highest common factor of 98099 and 373?
373
Calculate the greatest common factor of 258 and 816.
6
What is the highest common factor of 1500 and 3836625?
375
Calculate the greatest common divisor of 4080 and 33690.
30
Calculate the greatest common divisor of 9 and 92889.
9
What is the greatest common divisor of 33 and 83413?
11
What is the greatest common factor of 1 and 44124?
1
What is the highest common divisor of 2208 and 2592?
96
Calculate the greatest common factor of 28 and 88676.
28
What is the highest common divisor of 85680 and 140?
140
What is the greatest common divisor of 2204 and 1276?
116
Calculate the greatest common divisor of 26 and 177684.
26
What is the greatest common factor of 11938 and 32893?
127
Calculate the highest common divisor of 1437 and 479.
479
Calculate the highest common factor of 26008 and 16.
8
What is the highest common factor of 28 and 200046?
14
What is the highest common divisor of 3490214 and 1963?
1963
What is the greatest common divisor of 731 and 6923?
43
What is the highest common divisor of 70 and 1699430?
10
What is the highest common factor of 3327954 and 476?
238
What is the greatest common factor of 84 and 12607?
7
What is the highest common factor of 1661 and 105851?
151
What is the highest common divisor of 1016 and 29972?
508
What is the greatest common factor of 7017556 and 14?
14
Calculate the highest common factor of 369 and 7740.
9
What is the highest common divisor of 245384 and 296?
296
Calculate the greatest common factor of 181 and 737032.
181
What is the greatest common factor of 11609 and 42731?
247
Calculate the highest common divisor of 13 and 8181.
1
Calculate the greatest common factor of 174 and 173652.
174
Calculate the greatest common factor of 144 and 4720176.
144
Calculate the highest common factor of 23 and 231.
1
Calculate the greatest common divisor of 50 and 314350.
50
Calculate the greatest common factor of 689 and 10549968.
689
What is the highest common divisor of 9097 and 1397?
11
What is the greatest common factor of 30 and 13333290?
30
Calculate the highest common factor of 81827 and 752.
47
What is the highest common factor of 663220 and 4?
4
Calculate the highest common divisor of 27376 and 116.
116
What is the greatest common factor of 19 and 849319?
19
What is the greatest common factor of 4182 and 21930?
102
What is the greatest common factor of 796 and 44377?
199
Calculate the highest common factor of 141 and 307239.
141
What is the highest common factor of 294 and 453201?
147
Calculate the greatest common factor of 40 and 28060.
20
What is the greatest common factor of 1546 and 334?
2
What is the highest common factor of 58632 and 1281?
21
Calculate the greatest common factor of 126383 and 9964.
47
What is the greatest common factor of 9 and 15597?
9
What is the highest common factor of 67 and 119059?
67
Calculate the highest common factor of 30315 and 420.
15
What is the highest common divisor of 336 and 19362?
42
What is the greatest common divisor of 42 and 83272?
14
What is the highest common divisor of 3393 and 11700?
117
Calculate the greatest common factor of 2081668 and 876.
292
What is the highest common factor of 258 and 47601?
129
Calculate the highest common factor of 162 and 8991.
81
What is the greatest common divisor of 404 and 41212?
4
What is the highest common divisor of 35836 and 2449?
31
Calculate the highest common divisor of 64527 and 2.
1
What is the highest common factor of 36608 and 2?
2
What is the greatest common factor of 3324153 and 189?
21
Calculate the highest common factor of 2506 and 7084.
14
What is the highest common factor of 20801 and 66?
11
What is the highest common divisor of 15219 and 3249?
171
What is the greatest common divisor of 9 and 2088612?
9
What is the greatest common divisor of 6368 and 83182?
398
Calculate the greatest common divisor of 313708 and 4.
4
What is the highest common factor of 89175 and 25?
25
Calculate the highest common divisor of 2177714 and 716.
358
What is the highest common divisor of 1708 and 1246?
14
Calculate the highest common divisor of 61994 and 4014.
446
What is the highest common divisor of 950 and 71350?
50
What is the highest common divisor of 29 and 11281?
29
Calculate the greatest common factor of 79260 and 60.
60
What is the greatest common factor of 6206 and 1334?
58
What is the highest common divisor of 66 and 402?
6
What is the greatest common divisor of 3151 and 35483?
137
Calculate the highest common divisor of 3900 and 190.
10
Calculate the greatest common factor of 2651 and 935.
11
What is the greatest common factor of 2360 and 12685?
295
What is the highest common divisor of 132 and 5016?
132
What is the greatest common divisor of 10276 and 196?
28
Calculate the greatest common factor of 542240 and 5.
5
What is the greatest common divisor of 24510 and 228?
114
Calculate the highest common factor of 82820 and 164.
164
Calculate the greatest common factor of 114375 and 135.
15
Calculate the greatest common divisor of 1104 and 224664.
552
What is the highest common factor of 299 and 4107662?
299
Calculate the highest common factor of 20888 and 140.
28
What is the highest common divisor of 5805 and 4755?
15
What is the highest common factor of 196 and 560?
28
What is the highest common divisor of 15220 and 